{"id":6681,"date":"2022-03-24T18:29:34","date_gmt":"2022-03-24T17:29:34","guid":{"rendered":"http:\/\/jlbfrance.com\/?page_id=6681"},"modified":"2023-02-17T15:46:31","modified_gmt":"2023-02-17T14:46:31","slug":"equipe","status":"publish","type":"page","link":"https:\/\/jlbfrance.com\/index.php\/equipe\/","title":{"rendered":"\u00c9quipe"},"content":{"rendered":"\t\t<div data-elementor-type=\"wp-page\" data-elementor-id=\"6681\" class=\"elementor elementor-6681\" data-elementor-settings=\"[]\">\n\t\t\t\t\t\t\t<div class=\"elementor-section-wrap\">\n\t\t\t\t\t\t\t<section class=\"elementor-section elementor-top-section elementor-element elementor-element-a2fa740 elementor-section-boxed elementor-section-height-default elementor-section-height-default\" data-id=\"a2fa740\" data-element_type=\"section\">\n\t\t\t\t\t\t<div class=\"elementor-container elementor-column-gap-default\">\n\t\t\t\t\t<div class=\"elementor-column elementor-col-100 elementor-top-column elementor-element elementor-element-6b04ac6\" data-id=\"6b04ac6\" data-element_type=\"column\">\n\t\t\t<div class=\"elementor-widget-wrap elementor-element-populated\">\n\t\t\t\t\t\t\t\t<div class=\"elementor-element elementor-element-3411464 elementor-widget elementor-widget-text-editor\" data-id=\"3411464\" data-element_type=\"widget\" data-widget_type=\"text-editor.default\">\n\t\t\t\t<div class=\"elementor-widget-container\">\n\t\t\t<style>\/*! elementor - v3.5.3 - 28-12-2021 *\/\n.elementor-widget-text-editor.elementor-drop-cap-view-stacked .elementor-drop-cap{background-color:#818a91;color:#fff}.elementor-widget-text-editor.elementor-drop-cap-view-framed .elementor-drop-cap{color:#818a91;border:3px solid;background-color:transparent}.elementor-widget-text-editor:not(.elementor-drop-cap-view-default) .elementor-drop-cap{margin-top:8px}.elementor-widget-text-editor:not(.elementor-drop-cap-view-default) .elementor-drop-cap-letter{width:1em;height:1em}.elementor-widget-text-editor .elementor-drop-cap{float:left;text-align:center;line-height:1;font-size:50px}.elementor-widget-text-editor .elementor-drop-cap-letter{display:inline-block}<\/style>\t\t\t\tNotre \u00e9quipe est compos\u00e9 de passionn\u00e9s d\u2019\u00e9b\u00e9nisterie qui mettent leur passion au service de vos projets.\n<br>Nous recevons r\u00e9guli\u00e8rement des alternants au sein de notre atelier afin de transmettre nos savoir-faire.\t\t\t\t\t\t<\/div>\n\t\t\t\t<\/div>\n\t\t\t\t\t<\/div>\n\t\t<\/div>\n\t\t\t\t\t\t\t<\/div>\n\t\t<\/section>\n\t\t\t\t<section class=\"elementor-section elementor-top-section elementor-element elementor-element-bb707cf elementor-section-boxed elementor-section-height-default elementor-section-height-default\" data-id=\"bb707cf\" data-element_type=\"section\">\n\t\t\t\t\t\t<div class=\"elementor-container elementor-column-gap-default\">\n\t\t\t\t\t<div class=\"elementor-column elementor-col-100 elementor-top-column elementor-element elementor-element-8264ae8\" data-id=\"8264ae8\" data-element_type=\"column\">\n\t\t\t<div class=\"elementor-widget-wrap elementor-element-populated\">\n\t\t\t\t\t\t\t\t<div class=\"elementor-element elementor-element-e98c342 elementor-widget elementor-widget-spacer\" data-id=\"e98c342\" data-element_type=\"widget\" data-widget_type=\"spacer.default\">\n\t\t\t\t<div class=\"elementor-widget-container\">\n\t\t\t\t\t<div class=\"elementor-spacer\">\n\t\t\t<div class=\"elementor-spacer-inner\"><\/div>\n\t\t<\/div>\n\t\t\t\t<\/div>\n\t\t\t\t<\/div>\n\t\t\t\t\t<\/div>\n\t\t<\/div>\n\t\t\t\t\t\t\t<\/div>\n\t\t<\/section>\n\t\t\t\t<section class=\"elementor-section elementor-top-section elementor-element elementor-element-8dd0e5f elementor-section-boxed elementor-section-height-default elementor-section-height-default\" data-id=\"8dd0e5f\" data-element_type=\"section\">\n\t\t\t\t\t\t<div class=\"elementor-container elementor-column-gap-default\">\n\t\t\t\t\t<div class=\"elementor-column elementor-col-50 elementor-top-column elementor-element elementor-element-9dc6b21\" data-id=\"9dc6b21\" data-element_type=\"column\">\n\t\t\t<div class=\"elementor-widget-wrap elementor-element-populated\">\n\t\t\t\t\t\t\t\t<div class=\"elementor-element elementor-element-3457cd5 elementor-widget elementor-widget-image\" data-id=\"3457cd5\" data-element_type=\"widget\" data-widget_type=\"image.default\">\n\t\t\t\t<div class=\"elementor-widget-container\">\n\t\t\t<style>\/*! elementor - v3.5.3 - 28-12-2021 *\/\n.elementor-widget-image{text-align:center}.elementor-widget-image a{display:inline-block}.elementor-widget-image a img[src$=\".svg\"]{width:48px}.elementor-widget-image img{vertical-align:middle;display:inline-block}<\/style>\t\t\t\t\t\t\t\t\t\t\t\t<img loading=\"lazy\" decoding=\"async\" width=\"819\" height=\"1024\" src=\"https:\/\/jlbfrance.com\/wp-content\/uploads\/2023\/02\/11012022-IMG_4165-2-819x1024.jpg\" class=\"attachment-large size-large\" alt=\"\" srcset=\"https:\/\/jlbfrance.com\/wp-content\/uploads\/2023\/02\/11012022-IMG_4165-2-819x1024.jpg 819w, https:\/\/jlbfrance.com\/wp-content\/uploads\/2023\/02\/11012022-IMG_4165-2-240x300.jpg 240w, https:\/\/jlbfrance.com\/wp-content\/uploads\/2023\/02\/11012022-IMG_4165-2-768x960.jpg 768w, https:\/\/jlbfrance.com\/wp-content\/uploads\/2023\/02\/11012022-IMG_4165-2-1229x1536.jpg 1229w, https:\/\/jlbfrance.com\/wp-content\/uploads\/2023\/02\/11012022-IMG_4165-2-1639x2048.jpg 1639w, https:\/\/jlbfrance.com\/wp-content\/uploads\/2023\/02\/11012022-IMG_4165-2-2000x2500.jpg 2000w, https:\/\/jlbfrance.com\/wp-content\/uploads\/2023\/02\/11012022-IMG_4165-2-1000x1250.jpg 1000w, https:\/\/jlbfrance.com\/wp-content\/uploads\/2023\/02\/11012022-IMG_4165-2-1800x2250.jpg 1800w, https:\/\/jlbfrance.com\/wp-content\/uploads\/2023\/02\/11012022-IMG_4165-2-448x560.jpg 448w, https:\/\/jlbfrance.com\/wp-content\/uploads\/2023\/02\/11012022-IMG_4165-2-600x750.jpg 600w, https:\/\/jlbfrance.com\/wp-content\/uploads\/2023\/02\/11012022-IMG_4165-2-scaled.jpg 2048w\" sizes=\"auto, (max-width: 819px) 100vw, 819px\" \/>\t\t\t\t\t\t\t\t\t\t\t\t\t\t\t<\/div>\n\t\t\t\t<\/div>\n\t\t\t\t<div class=\"elementor-element elementor-element-36f968c elementor-widget elementor-widget-text-editor\" data-id=\"36f968c\" data-element_type=\"widget\" data-widget_type=\"text-editor.default\">\n\t\t\t\t<div class=\"elementor-widget-container\">\n\t\t\t\t\t\t\t<h4><strong>Jean-Louis<\/strong><\/h4><p>G\u00e9rant<\/p>\t\t\t\t\t\t<\/div>\n\t\t\t\t<\/div>\n\t\t\t\t\t<\/div>\n\t\t<\/div>\n\t\t\t\t<div class=\"elementor-column elementor-col-50 elementor-top-column elementor-element elementor-element-ffa3d92\" data-id=\"ffa3d92\" data-element_type=\"column\">\n\t\t\t<div class=\"elementor-widget-wrap elementor-element-populated\">\n\t\t\t\t\t\t\t\t<div class=\"elementor-element elementor-element-4e7914e elementor-widget elementor-widget-image\" data-id=\"4e7914e\" data-element_type=\"widget\" data-widget_type=\"image.default\">\n\t\t\t\t<div class=\"elementor-widget-container\">\n\t\t\t\t\t\t\t\t\t\t\t\t\t\t\t<img loading=\"lazy\" decoding=\"async\" width=\"819\" height=\"1024\" src=\"https:\/\/jlbfrance.com\/wp-content\/uploads\/2023\/02\/11012022-IMG_4165-2-819x1024.jpg\" class=\"attachment-large size-large\" alt=\"\" srcset=\"https:\/\/jlbfrance.com\/wp-content\/uploads\/2023\/02\/11012022-IMG_4165-2-819x1024.jpg 819w, https:\/\/jlbfrance.com\/wp-content\/uploads\/2023\/02\/11012022-IMG_4165-2-240x300.jpg 240w, https:\/\/jlbfrance.com\/wp-content\/uploads\/2023\/02\/11012022-IMG_4165-2-768x960.jpg 768w, https:\/\/jlbfrance.com\/wp-content\/uploads\/2023\/02\/11012022-IMG_4165-2-1229x1536.jpg 1229w, https:\/\/jlbfrance.com\/wp-content\/uploads\/2023\/02\/11012022-IMG_4165-2-1639x2048.jpg 1639w, https:\/\/jlbfrance.com\/wp-content\/uploads\/2023\/02\/11012022-IMG_4165-2-2000x2500.jpg 2000w, https:\/\/jlbfrance.com\/wp-content\/uploads\/2023\/02\/11012022-IMG_4165-2-1000x1250.jpg 1000w, https:\/\/jlbfrance.com\/wp-content\/uploads\/2023\/02\/11012022-IMG_4165-2-1800x2250.jpg 1800w, https:\/\/jlbfrance.com\/wp-content\/uploads\/2023\/02\/11012022-IMG_4165-2-448x560.jpg 448w, https:\/\/jlbfrance.com\/wp-content\/uploads\/2023\/02\/11012022-IMG_4165-2-600x750.jpg 600w, https:\/\/jlbfrance.com\/wp-content\/uploads\/2023\/02\/11012022-IMG_4165-2-scaled.jpg 2048w\" sizes=\"auto, (max-width: 819px) 100vw, 819px\" \/>\t\t\t\t\t\t\t\t\t\t\t\t\t\t\t<\/div>\n\t\t\t\t<\/div>\n\t\t\t\t<div class=\"elementor-element elementor-element-0a363c8 elementor-widget elementor-widget-text-editor\" data-id=\"0a363c8\" data-element_type=\"widget\" data-widget_type=\"text-editor.default\">\n\t\t\t\t<div class=\"elementor-widget-container\">\n\t\t\t\t\t\t\t<h4><strong>Olivier<\/strong><\/h4><p>Chef d&#8217;atelier<\/p>\t\t\t\t\t\t<\/div>\n\t\t\t\t<\/div>\n\t\t\t\t\t<\/div>\n\t\t<\/div>\n\t\t\t\t\t\t\t<\/div>\n\t\t<\/section>\n\t\t\t\t<section class=\"elementor-section elementor-top-section elementor-element elementor-element-0d9ff4f elementor-section-boxed elementor-section-height-default elementor-section-height-default\" data-id=\"0d9ff4f\" data-element_type=\"section\">\n\t\t\t\t\t\t<div class=\"elementor-container elementor-column-gap-default\">\n\t\t\t\t\t<div class=\"elementor-column elementor-col-50 elementor-top-column elementor-element elementor-element-1ef4aaa\" data-id=\"1ef4aaa\" data-element_type=\"column\">\n\t\t\t<div class=\"elementor-widget-wrap elementor-element-populated\">\n\t\t\t\t\t\t\t\t<div class=\"elementor-element elementor-element-d6c455a elementor-widget elementor-widget-image\" data-id=\"d6c455a\" data-element_type=\"widget\" data-widget_type=\"image.default\">\n\t\t\t\t<div class=\"elementor-widget-container\">\n\t\t\t\t\t\t\t\t\t\t\t\t\t\t\t<img loading=\"lazy\" decoding=\"async\" width=\"819\" height=\"1024\" src=\"https:\/\/jlbfrance.com\/wp-content\/uploads\/2023\/02\/11012022-IMG_4172-2-819x1024.jpg\" class=\"attachment-large size-large\" alt=\"\" srcset=\"https:\/\/jlbfrance.com\/wp-content\/uploads\/2023\/02\/11012022-IMG_4172-2-819x1024.jpg 819w, https:\/\/jlbfrance.com\/wp-content\/uploads\/2023\/02\/11012022-IMG_4172-2-240x300.jpg 240w, https:\/\/jlbfrance.com\/wp-content\/uploads\/2023\/02\/11012022-IMG_4172-2-768x960.jpg 768w, https:\/\/jlbfrance.com\/wp-content\/uploads\/2023\/02\/11012022-IMG_4172-2-1229x1536.jpg 1229w, https:\/\/jlbfrance.com\/wp-content\/uploads\/2023\/02\/11012022-IMG_4172-2-1638x2048.jpg 1638w, https:\/\/jlbfrance.com\/wp-content\/uploads\/2023\/02\/11012022-IMG_4172-2-2000x2500.jpg 2000w, https:\/\/jlbfrance.com\/wp-content\/uploads\/2023\/02\/11012022-IMG_4172-2-1000x1250.jpg 1000w, https:\/\/jlbfrance.com\/wp-content\/uploads\/2023\/02\/11012022-IMG_4172-2-1800x2250.jpg 1800w, https:\/\/jlbfrance.com\/wp-content\/uploads\/2023\/02\/11012022-IMG_4172-2-448x560.jpg 448w, https:\/\/jlbfrance.com\/wp-content\/uploads\/2023\/02\/11012022-IMG_4172-2-600x750.jpg 600w, https:\/\/jlbfrance.com\/wp-content\/uploads\/2023\/02\/11012022-IMG_4172-2-scaled.jpg 2048w\" sizes=\"auto, (max-width: 819px) 100vw, 819px\" \/>\t\t\t\t\t\t\t\t\t\t\t\t\t\t\t<\/div>\n\t\t\t\t<\/div>\n\t\t\t\t<div class=\"elementor-element elementor-element-6926215 elementor-widget elementor-widget-text-editor\" data-id=\"6926215\" data-element_type=\"widget\" data-widget_type=\"text-editor.default\">\n\t\t\t\t<div class=\"elementor-widget-container\">\n\t\t\t\t\t\t\t<h4><strong>Patrice<\/strong><\/h4><div>XX<\/div>\t\t\t\t\t\t<\/div>\n\t\t\t\t<\/div>\n\t\t\t\t\t<\/div>\n\t\t<\/div>\n\t\t\t\t<div class=\"elementor-column elementor-col-50 elementor-top-column elementor-element elementor-element-9c1d434\" data-id=\"9c1d434\" data-element_type=\"column\">\n\t\t\t<div class=\"elementor-widget-wrap elementor-element-populated\">\n\t\t\t\t\t\t\t\t<div class=\"elementor-element elementor-element-1f073f6 elementor-widget elementor-widget-image\" data-id=\"1f073f6\" data-element_type=\"widget\" data-widget_type=\"image.default\">\n\t\t\t\t<div class=\"elementor-widget-container\">\n\t\t\t\t\t\t\t\t\t\t\t\t\t\t\t<img loading=\"lazy\" decoding=\"async\" width=\"819\" height=\"1024\" src=\"https:\/\/jlbfrance.com\/wp-content\/uploads\/2023\/02\/11012022-IMG_4167-2-819x1024.jpg\" class=\"attachment-large size-large\" alt=\"\" srcset=\"https:\/\/jlbfrance.com\/wp-content\/uploads\/2023\/02\/11012022-IMG_4167-2-819x1024.jpg 819w, https:\/\/jlbfrance.com\/wp-content\/uploads\/2023\/02\/11012022-IMG_4167-2-240x300.jpg 240w, https:\/\/jlbfrance.com\/wp-content\/uploads\/2023\/02\/11012022-IMG_4167-2-768x960.jpg 768w, https:\/\/jlbfrance.com\/wp-content\/uploads\/2023\/02\/11012022-IMG_4167-2-1229x1536.jpg 1229w, https:\/\/jlbfrance.com\/wp-content\/uploads\/2023\/02\/11012022-IMG_4167-2-1639x2048.jpg 1639w, https:\/\/jlbfrance.com\/wp-content\/uploads\/2023\/02\/11012022-IMG_4167-2-2000x2500.jpg 2000w, https:\/\/jlbfrance.com\/wp-content\/uploads\/2023\/02\/11012022-IMG_4167-2-1000x1250.jpg 1000w, https:\/\/jlbfrance.com\/wp-content\/uploads\/2023\/02\/11012022-IMG_4167-2-1800x2250.jpg 1800w, https:\/\/jlbfrance.com\/wp-content\/uploads\/2023\/02\/11012022-IMG_4167-2-448x560.jpg 448w, https:\/\/jlbfrance.com\/wp-content\/uploads\/2023\/02\/11012022-IMG_4167-2-600x750.jpg 600w, https:\/\/jlbfrance.com\/wp-content\/uploads\/2023\/02\/11012022-IMG_4167-2-scaled.jpg 2048w\" sizes=\"auto, (max-width: 819px) 100vw, 819px\" \/>\t\t\t\t\t\t\t\t\t\t\t\t\t\t\t<\/div>\n\t\t\t\t<\/div>\n\t\t\t\t<div class=\"elementor-element elementor-element-104ba40 elementor-widget elementor-widget-text-editor\" data-id=\"104ba40\" data-element_type=\"widget\" data-widget_type=\"text-editor.default\">\n\t\t\t\t<div class=\"elementor-widget-container\">\n\t\t\t\t\t\t\t<h4><strong>Wilfried<\/strong><\/h4><div>XX<\/div>\t\t\t\t\t\t<\/div>\n\t\t\t\t<\/div>\n\t\t\t\t\t<\/div>\n\t\t<\/div>\n\t\t\t\t\t\t\t<\/div>\n\t\t<\/section>\n\t\t\t\t\t\t<\/div>\n\t\t\t\t\t<\/div>\n\t\t","protected":false},"excerpt":{"rendered":"<p>Notre \u00e9quipe est compos\u00e9 de passionn\u00e9s d\u2019\u00e9b\u00e9nisterie qui mettent leur passion au service de vos projets. Nous recevons r\u00e9guli\u00e8rement des alternants au sein de notre atelier afin de transmettre nos savoir-faire. Jean-Louis G\u00e9rant Olivier Chef d&#8217;atelier Patrice XX Wilfried XX<\/p>\n","protected":false},"author":1,"featured_media":0,"parent":0,"menu_order":0,"comment_status":"closed","ping_status":"closed","template":"","meta":{"footnotes":""},"class_list":["post-6681","page","type-page","status-publish","hentry"],"_links":{"self":[{"href":"https:\/\/jlbfrance.com\/index.php\/wp-json\/wp\/v2\/pages\/6681","targetHints":{"allow":["GET"]}}],"collection":[{"href":"https:\/\/jlbfrance.com\/index.php\/wp-json\/wp\/v2\/pages"}],"about":[{"href":"https:\/\/jlbfrance.com\/index.php\/wp-json\/wp\/v2\/types\/page"}],"author":[{"embeddable":true,"href":"https:\/\/jlbfrance.com\/index.php\/wp-json\/wp\/v2\/users\/1"}],"replies":[{"embeddable":true,"href":"https:\/\/jlbfrance.com\/index.php\/wp-json\/wp\/v2\/comments?post=6681"}],"version-history":[{"count":32,"href":"https:\/\/jlbfrance.com\/index.php\/wp-json\/wp\/v2\/pages\/6681\/revisions"}],"predecessor-version":[{"id":6917,"href":"https:\/\/jlbfrance.com\/index.php\/wp-json\/wp\/v2\/pages\/6681\/revisions\/6917"}],"wp:attachment":[{"href":"https:\/\/jlbfrance.com\/index.php\/wp-json\/wp\/v2\/media?parent=6681"}],"curies":[{"name":"wp","href":"https:\/\/api.w.org\/{rel}","templated":true}]}}